{"id":12,"date":"2025-09-11T16:55:58","date_gmt":"2025-09-11T16:55:58","guid":{"rendered":"https:\/\/bremerbauten.de\/?page_id=12"},"modified":"2025-09-11T18:20:00","modified_gmt":"2025-09-11T18:20:00","slug":"impressum","status":"publish","type":"page","link":"https:\/\/bremerbauten.de\/?page_id=12","title":{"rendered":"Impressum"},"content":{"rendered":"\n<p><\/p>\n\n\n\n<hr class=\"wp-block-separator has-alpha-channel-opacity\"\/>\n\n\n\n<p>Dipl.-Ing. (FH) Architekt Ingo Glozies<\/p>\n\n\n\n<p>Am Tabakquartier 62<\/p>\n\n\n\n<p>28197 Bremen<\/p>\n\n\n\n<p>Deutschland<\/p>\n\n\n\n<p>Telefon: 0421 67350166<\/p>\n\n\n\n<p>Steuernummer: 60 224 00973<\/p>\n\n\n\n<p><\/p>\n\n\n\n<p><strong>Zust\u00e4ndige Kammer:<\/strong><\/p>\n\n\n\n<p>Architektenkammer der Freien Hansestadt Bremen<\/p>\n\n\n\n<p>Geeren 41\/43<\/p>\n\n\n\n<p>28195 Bremen<\/p>\n\n\n\n<p>Kammernummer: 1829<\/p>\n\n\n\n<hr class=\"wp-block-separator has-alpha-channel-opacity\"\/>\n\n\n\n<p><strong>Verantwortlich i.S.d. Presserechts \/ \u00a7 55 Abs. 2 RStV:<\/strong><\/p>\n\n\n\n<p>Dipl.-Ing. (FH) Architekt Ingo Glozies<\/p>\n\n\n\n<p>Am Tabakquartier 62<\/p>\n\n\n\n<p>28197 Bremen<\/p>\n\n\n\n<hr class=\"wp-block-separator has-alpha-channel-opacity\"\/>\n\n\n\n<p><strong>Verweise und Links<\/strong><\/p>\n\n\n\n<p>Dipl.-Ing. (FH) Architekt Ingo Glozies haftet nur f\u00fcr eigene Inhalte. Bei direkten oder indirekten Verweisen auf fremde Internetseiten (\u201eLinks\u201c), die au\u00dferhalb des Verantwortungsbereiches von Dipl.-Ing. (FH) Architekt Ingo Glozies liegen, besteht eine Haftung nur dann, wenn Dipl.-Ing. (FH) Architekt Ingo Glozies von den Inhalten Kenntnis hat und es technisch m\u00f6glich und zumutbar w\u00e4re, die Nutzung rechtswidriger Inhalte zu verhindern. F\u00fcr alle weiteren Inhalte und insbesondere f\u00fcr Sch\u00e4den, die aus der Nutzung oder Nichtnutzung solcher Informationen entstehen, haftet ausschlie\u00dflich der jeweilige Anbieter.<\/p>\n\n\n\n<hr class=\"wp-block-separator has-alpha-channel-opacity\"\/>\n\n\n\n<p><strong>Urheber- und Kennzeichenrecht<\/strong><\/p>\n\n\n\n<p>Die Inhalte dieser Website (Texte, Bilder, Grafiken, Design) sind urheberrechtlich gesch\u00fctzt. Eine Vervielf\u00e4ltigung, Bearbeitung oder Ver\u00f6ffentlichung \u2013 auch auszugsweise \u2013 ist ohne vorherige schriftliche Zustimmung von Dipl.-Ing. (FH) Architekt Ingo Glozies nicht gestattet. Dipl.-Ing. (FH) Architekt Ingo Glozies ist eine gesch\u00fctzte Marke. Alle weiteren genannten Marken und Logos sind Eigentum der jeweiligen Rechteinhaber.<\/p>\n\n\n\n<hr class=\"wp-block-separator has-alpha-channel-opacity\"\/>\n\n\n\n<p><strong>Inhalt des Onlineangebots<\/strong><\/p>\n\n\n\n<p>Alle bereitgestellten Informationen wurden mit gr\u00f6\u00dfter Sorgfalt erstellt. Dennoch \u00fcbernimmt der Autor keine Gew\u00e4hr f\u00fcr Aktualit\u00e4t, Vollst\u00e4ndigkeit oder Richtigkeit. Haftungsanspr\u00fcche gegen den Autor, die durch die Nutzung oder Nichtnutzung der dargebotenen Informationen bzw. durch fehlerhafte oder unvollst\u00e4ndige Inhalte entstehen, sind ausgeschlossen, sofern kein vors\u00e4tzliches oder grob fahrl\u00e4ssiges Verschulden vorliegt. Alle Angebote sind freibleibend und unverbindlich. Der Autor beh\u00e4lt sich ausdr\u00fccklich vor, Teile der Seiten oder das gesamte Angebot ohne gesonderte Ank\u00fcndigung zu ver\u00e4ndern, zu erg\u00e4nzen oder zu l\u00f6schen.<\/p>\n\n\n\n<hr class=\"wp-block-separator has-alpha-channel-opacity\"\/>\n\n\n\n<p><\/p>\n","protected":false},"excerpt":{"rendered":"<p>Dipl.-Ing. (FH) Architekt Ingo Glozies Am Tabakquartier 62 28197 Bremen Deutschland Telefon: 0421 67350166 Steuernummer: 60 224 00973 Zust\u00e4ndige Kammer: Architektenkammer der Freien Hansestadt Bremen Geeren 41\/43 28195 Bremen Kammernummer: 1829 Verantwortlich i.S.d. Presserechts \/ \u00a7 55 Abs. 2 RStV: Dipl.-Ing. (FH) Architekt Ingo Glozies Am Tabakquartier 62 28197 Bremen Verweise und Links Dipl.-Ing. (FH) [&hellip;]<\/p>\n","protected":false},"author":1,"featured_media":0,"parent":0,"menu_order":0,"comment_status":"closed","ping_status":"closed","template":"","meta":{"footnotes":""},"class_list":["post-12","page","type-page","status-publish","hentry"],"_links":{"self":[{"href":"https:\/\/bremerbauten.de\/index.php?rest_route=\/wp\/v2\/pages\/12","targetHints":{"allow":["GET"]}}],"collection":[{"href":"https:\/\/bremerbauten.de\/index.php?rest_route=\/wp\/v2\/pages"}],"about":[{"href":"https:\/\/bremerbauten.de\/index.php?rest_route=\/wp\/v2\/types\/page"}],"author":[{"embeddable":true,"href":"https:\/\/bremerbauten.de\/index.php?rest_route=\/wp\/v2\/users\/1"}],"replies":[{"embeddable":true,"href":"https:\/\/bremerbauten.de\/index.php?rest_route=%2Fwp%2Fv2%2Fcomments&post=12"}],"version-history":[{"count":5,"href":"https:\/\/bremerbauten.de\/index.php?rest_route=\/wp\/v2\/pages\/12\/revisions"}],"predecessor-version":[{"id":33,"href":"https:\/\/bremerbauten.de\/index.php?rest_route=\/wp\/v2\/pages\/12\/revisions\/33"}],"wp:attachment":[{"href":"https:\/\/bremerbauten.de\/index.php?rest_route=%2Fwp%2Fv2%2Fmedia&parent=12"}],"curies":[{"name":"wp","href":"https:\/\/api.w.org\/{rel}","templated":true}]}}